= 2*a**2 + 3*a - 11. What is the tens digit of b(p)?
2
Suppose 0*l - 2*z - 17 = -5*l, 2*z - 23 = -3*l. Suppose -2*i + 19 = -0*i + a, 0 = -i + l*a + 26. What is the tens digit of i?
1
Let a(l) = -6*l - 10. Let x be a(-11). Suppose 3*i - 2*n = x, 19 = 4*n - 1. What is the units digit of i?
2
Suppose -39*c + 81 = -30*c. What is the units digit of c?
9
Let u = 27 + -20. Suppose u*q - 46 = 255. What is the tens digit of q?
4
Let l(k) = 8*k**2 + 3*k + 1. Let t be l(7). Suppose -h + t = 4*h - f, 3*h - 254 = -5*f. What is the tens digit of h?
8
Let m be (8/(-10))/((-10)/275). Let j = m - 22. Suppose -3*f + 138 + 45 = j. What is the units digit of f?
1
Let j(o) = 121 - 6*o - o**2 - 25 - 34 - 27 - 34. Let c = -5 - -2. What is the tens digit of j(c)?
1
Suppose 5*m = 3*j + 125, 4*j + 108 = 2*m + 2*m. Let p(b) = -5*b**2 - 4*b + 3. Let f be p(2). Let y = m - f. What is the units digit of y?
7
Let l(f) = -f**2 - 7*f - 4. Let r be l(-6). Suppose -2 = 5*w - 212. Suppose i - r*i = -w. What is the tens digit of i?
4
What is the units digit of ((-2292)/42)/(2*3/(-126))?
6
What is the hundreds digit of (528/24 - 440)/(2/(-11))?
2
Let z(i) = 25*i + 5. What is the hundreds digit of z(8)?
2
Let f = 90 - 91. What is the units digit of (f - (-3)/1)*(-655)/(-10)?
1
Let o(d) be the third derivative of d**5/30 + 3*d**4/8 - d**3 + 3*d**2. Let f be o(-8). Let c = f - -14. What is the tens digit of c?
6
Let h be (36/(-24))/((-1)/(-6)). Let i = h + 11. Suppose 0 = -i*g - 4*w + 58, g - 181 = -4*g - w. What is the tens digit of g?
3
Let q = 1412 - 157. What is the hundreds digit of q?
2
Let c = 1 + 33. Let t = c + 0. What is the units digit of t?
4
Suppose 0 = 3*s - 3*l - 84, 3*l + 128 = 5*s - 20. Let j be ((-12)/6)/(1*-1). Suppose 2*d - s = -j*d. What is the units digit of d?
8
Let s(h) = 10*h + 4 - h**2 - 4 - 6. Let b be s(7). Suppose 0 = 4*l - 51 + b. What is the units digit of l?
9
Suppose 4*k - 5*y = -101, -7*k + 2*k = -4*y + 115. Let d = k + 53. Suppose 4*w - d = 134. What is the units digit of w?
2
What is the units digit of 1*(19 - -1)*321/12?
5
Let t be (6/5)/(2/410). Suppose 5*a + l - 18 = 0, 4*l - 4 - 2 = 2*a. Suppose -t = -4*j + a*h, -134 = -4*j + 2*j - 4*h. What is the units digit of j?
3
Suppose 74 + 222 = 4*s. Let n = -42 + s. What is the units digit of n?
2
Suppose 0 = -q - 4*q - 200. Let w be (-2 + q)/(9/(-6)). Suppose u + 8 = w. What is the tens digit of u?
2
Suppose 4*q - 34 = 5*q. Let i(v) = -3*v. Let n be i(-1). What is the units digit of ((n + q)/(-1))/1?
1
Let n be 63/21 + 49*1. Let h = n + 53. What is the tens digit of h?
0
Suppose -3*c - c = 8. What is the tens digit of (-1826)/(-44) + 1/c?
4
Let f(p) = p**2 + 8*p + 12. Let h be f(-6). Suppose h = -4*b + s + 218, -5*b = -5*s + 2*s - 269. What is the tens digit of b?
5
Suppose 3*b + 2*h - 725 - 17 = 0, -4*b + 978 = -3*h. What is the hundreds digit of b?
2
Suppose -59 = 2*y - 5*v, 5*v + 1 = -y + 9. Let d = y - -92. What is the tens digit of d?
7
Suppose 74 = 4*b - 2*y, 6*b - 4*y - 84 = 2*b. Let i = -16 + b. Suppose i*v + 4*k - 18 = -2*v, -3*v + 52 = k. What is the units digit of v?
9
Let y = -643 + 1208. What is the hundreds digit of y?
5
Let v = -11 - -23. Suppose -8 = -l - o + 6, -2*o - 26 = -4*l. Suppose f = 4*c - l*c - v, 3*f = 4*c + 21. What is the units digit of f?
3
Let f = 932 - 580. What is the units digit of f?
2
Suppose -12*k + 18*k = 4176. What is the tens digit of k?
9
What is the hundreds digit of 6/(-27) + 6/(-27)*-802?
1
Let w(a) = 3 - 55*a - 58*a - 55*a + 57*a. What is the units digit of w(-1)?
4
Let d(j) = 6*j**3 + 8*j**2 - 6*j - 1. Let n(o) = -o**3 + o. Let h(a) = -d(a) - 5*n(a). Let u be h(-6). Let s = -50 - u. What is the units digit of s?
7
Let a(m) = m**2 - m. Let l(i) = 3*i - 4*i + 7*i**2 + i**2. Let q(b) = -2*a(b) + l(b). What is the units digit of q(-1)?
5
Suppose -y - 4291 = -4*c, 4 = -3*y - 5. What is the hundreds digit of c?
0
Suppose 1947 = -53*u + 64*u. What is the hundreds digit of u?
1
Suppose -4*z = 3*p - 2*z - 13, 4*z = 2*p - 14. Suppose r + 8 = p*r. Suppose 2*y = -q + 36, r*q - 5*q = -3*y + 36. What is the units digit of y?
6
Let x = -491 + 1087. What is the tens digit of x?
9
What is the tens digit of (-1540)/(-66)*(-252)/(-10)?
8
Let q(l) = -l**2 - 5*l - 5. Let b be q(-4). What is the tens digit of 56 - -19 - (b - -3)?
7
Let m be (14 - 16)/(16/6 + -2). Let h = m + 63. What is the tens digit of h?
6
Let h(m) = m**3 - 9*m**2 + 8*m + 8. Suppose -5*j - 24 = -8*j. Let b be h(j). What is the units digit of 4*2/b + 43?
4
Let h(a) = -a**3 + 19*a**2 - 13*a - 17. What is the units digit of h(7)?
0
Let v(w) = 2*w + 12. Let g be v(-7). What is the hundreds digit of (-10)/(1/(-82)*-2*g)?
2
Let h(v) = -v + 9. Let b = 83 + -120. Let t = -32 - b. What is the units digit of h(t)?
4
Let v be (-3 - 2)/(2 + -3). Suppose -5*m + 3*m - 127 = -3*j, 237 = v*j + 3*m. Suppose 2*s = -w - 0*s + j, 0 = 2*s - 2. What is the units digit of w?
3
Let s be 12/(-54) + 1406/9. Let n = -87 + s. Suppose 5*j = 4*r - 94, r = -2*r + 3*j + n. What is the tens digit of r?
2
Let x = 10 - 10. Suppose x = -12*o + 9*o. Suppose 5*p - 12 + 2 = o, 0 = -a + 4*p - 4. What is the units digit of a?
4
Let n(m) = 3*m**3 - 24*m**2 - m - 26. Let g(f) = -2*f**3 + 16*f**2 + f + 17. Let u(s) = -7*g(s) - 5*n(s). What is the tens digit of u(6)?
7
Suppose 3*d + 1 = -4*t + 3*t, t = -4*d. Let n(h) = 3*h**3 - h**2 + 1. Let w be n(d). Suppose x = 5*f + 39, f = w*f - 6. What is the units digit of x?
4
Suppose 28*g = 23*g + 7215. What is the units digit of g?
3
Suppose g - 2*g + 8 = 0. Suppose 4*w - 4 = 2*p, 2*p + w = 4*p - g. Suppose 0 = -o - p + 13. What is the units digit of o?
7
Let n(h) = -55*h - 63. Let s = -15 + 9. What is the units digit of n(s)?
7
Suppose 0 = 2*r + 5*v - 541, -3*r = 5*v - 381 - 423. What is the hundreds digit of r?
2
Let b = -114 + 188. What is the tens digit of (b*(-1)/3)/((-16)/24)?
3
Let p(g) = -43*g**3 - 5*g**2 - 8*g + 8. What is the hundreds digit of p(-4)?
7
Let g(p) = -245*p - 93. What is the units digit of g(-17)?
2
Suppose -972 - 3705 = -3*h. What is the tens digit of h?
5
Suppose y + k - 499 = 5, -5*y + 2556 = -4*k. What is the tens digit of y?
0
Suppose -4*m - 5*k = -16, 0*k = 4*m - 3*k - 16. Suppose -z - 3 = -p - 2*p, 0 = z + m*p - 11. Suppose 6*q - 162 = z*q. What is the tens digit of q?
5
What is the tens digit of (0 + -111)/((-111)/740)?
4
What is the units digit of ((-4)/(-6))/(22/429)?
3
Suppose -b + 4*b = 0. Let i be -1 - 4/(-4) - b. Suppose y - 6 = 3*y + 2*z, -3*y + 4*z + 19 = i. What is the units digit of y?
1
Let v = 14 + 22. Suppose 0 = 3*x - 72 - v. What is the units digit of x?
6
Suppose 4*h - 14002 = 3*b, 0 = -4*h - b + 722 + 13272. What is the hundreds digit of h?
4
Let j(w) = 4*w + w**3 - 2*w + 15*w**2 - 2*w + 4. Let m be j(-8). What is the units digit of 4/10 - m/(-20)?
3
Suppose 0 = -y + 3. Let i(q) = q - 4. Let b be i(y). What is the units digit of (-11)/(2 - 3) - b?
2
What is the hundreds digit of 5444/8 + 15/10?
6
Suppose 0 = 3*q - 5*o - 192 - 3095, -3255 = -3*q - 3*o. What is the thousands digit of q?
1
Let y(t) = -129*t + 454. What is the units digit of y(-6)?
8
What is the tens digit of ((-2)/6)/(24/(-19656))?
7
Suppose -25 = 6*w - w. Let m(c) = c + 8. Let h be m(w). Suppose -h*s = -8*s + 105. What is the units digit of s?
1
Let p = 11 - 8. Suppose -p*t = 2*t. What is the tens digit of (-2 - (t - -1)) + 37?
3
Let l(t) = -5 - 4*t - 3 - 1 + 2. Let o be l(-6). Let j = o + -12. What is the units digit of j?
5
Let x be ((-14)/(-42))/((-2)/(-1992)). Let c = x + -199. What is the hundreds digit of c?
1
Let f be 2*46/(-4) - 4. Let v = -25 - f. Suppose 0 = -v*b + 1 + 93. What is the units digit of b?
7
Let y be -1 - 0 - 0/(-2). Let k = -62 - -58. What is the units digit of 4 + (k/(-4))/y?
3
Let y(j) be the third derivative of j**7/5040 + 17*j**6/720 - j**5/10 + 3*j**2. Let g(l) be the third derivative of y(l). What is the units digit of g(-7)?
0
Let t be ((-135)/(-18))/((-2)/(-12)). Suppose b - 19 = -j + t, -5*j = -b + 58. What is the tens digit of b?
6
Suppose -2*x + 13 - 5 = 0. Let n(c) = 2*c + 2*c**3 - x*c - 2*c**2 + 3*c**2 + c**2 + 1. What is the units digit of n(1)?
3
What is the tens digit of (-17953)/(-21) + (-10)/(-105) + 4?
5
Let l = 10 + -3. What is the tens digit of l/(8